 digit of 28223740?
2
What is the ten thousands digit of 12916?
1
What is the units digit of 1615268?
8
What is the hundred thousands digit of 32105717?
1
What is the hundreds digit of 9021436?
4
What is the thousands digit of 177089?
7
What is the hundreds digit of 501793?
7
What is the hundreds digit of 2886427?
4
What is the hundred thousands digit of 18610645?
6
What is the units digit of 160475?
5
What is the units digit of 9540062?
2
What is the thousands digit of 177099?
7
What is the tens digit of 4106?
0
What is the hundreds digit of 80553?
5
What is the hundred thousands digit of 855011?
8
What is the hundreds digit of 373221?
2
What is the hundred thousands digit of 373217?
3
What is the units digit of 2708826?
6
What is the hundred thousands digit of 3262497?
2
What is the thousands digit of 146485?
6
What is the units digit of 369203?
3
What is the thousands digit of 1398554?
8
What is the thousands digit of 10728178?
8
What is the hundreds digit of 5455?
4
What is the units digit of 608140?
0
What is the tens digit of 1045818?
1
What is the thousands digit of 538826?
8
What is the units digit of 931808?
8
What is the millions digit of 2453405?
2
What is the hundred thousands digit of 627685?
6
What is the hundreds digit of 11342151?
1
What is the tens digit of 3268583?
8
What is the units digit of 614440?
0
What is the thousands digit of 2616070?
6
What is the hundred thousands digit of 197198?
1
What is the hundreds digit of 137692?
6
What is the hundreds digit of 85880?
8
What is the thousands digit of 2374860?
4
What is the hundred thousands digit of 9464972?
4
What is the thousands digit of 18036628?
6
What is the ten millions digit of 11638677?
1
What is the ten thousands digit of 3630146?
3
What is the ten thousands digit of 6467294?
6
What is the units digit of 2250628?
8
What is the hundred thousands digit of 2072294?
0
What is the units digit of 33063?
3
What is the ten thousands digit of 1956185?
5
What is the hundreds digit of 1301187?
1
What is the hundreds digit of 597794?
7
What is the tens digit of 4607499?
9
What is the thousands digit of 394132?
4
What is the ten thousands digit of 12512616?
1
What is the hundreds digit of 5193397?
3
What is the units digit of 1264716?
6
What is the ten millions digit of 14361448?
1
What is the thousands digit of 188532?
8
What is the thousands digit of 6180683?
0
What is the thousands digit of 10733786?
3
What is the hundreds digit of 2898740?
7
What is the ten thousands digit of 496049?
9
What is the units digit of 1341929?
9
What is the tens digit of 210067?
6
What is the ten thousands digit of 8670758?
7
What is the ten thousands digit of 1109031?
0
What is the hundreds digit of 83560?
5
What is the units digit of 13935193?
3
What is the ten thousands digit of 436094?
3
What is the thousands digit of 2518104?
8
What is the ten thousands digit of 181863?
8
What is the hundred thousands digit of 191122?
1
What is the units digit of 59723?
3
What is the hundreds digit of 155148?
1
What is the thousands digit of 6012062?
2
What is the tens digit of 1250006?
0
What is the hundreds digit of 3412075?
0
What is the ten thousands digit of 60240?
6
What is the units digit of 23959664?
4
What is the hundred thousands digit of 21809239?
8
What is the units digit of 88366?
6
What is the ten thousands digit of 367057?
6
What is the tens digit of 1889720?
2
What is the hundred thousands digit of 17055213?
0
What is the hundred thousands digit of 15468077?
4
What is the millions digit of 3407741?
3
What is the units digit of 15132322?
2
What is the tens digit of 325885?
8
What is the millions digit of 2921482?
2
What is the units digit of 25223?
3
What is the ten millions digit of 20177840?
2
What is the units digit of 67766?
6
What is the ten thousands digit of 21881?
2
What is the units digit of 59006?
6
What is the hundreds digit of 774831?
8
What is the tens digit of 74044?
4
What is the tens digit of 1248502?
0
What is the units digit of 10923?
3
What is the units digit of 2371582?
2
What is the hundred thousands digit of 276866?
2
What is the units digit of 2411675?
5
What is the millions digit of 2431669?
2
What is the hundred thousands digit of 351083?
3
What is the units digit of 3388921?
1
What is the tens digit of 20013154?
5
What is the thousands digit of 1456654?
6
What is the tens digit of 4704862?
6
What is the units digit of 6839360?
0
What is the ten thousands digit of 54233?
5
What is the hundreds digit of 329222?
2
What is the units digit of 330102?
2
What is the thousands digit of 2694781?
4
What is the ten millions digit of 19402471?
1
What is the thousands digit of 3056250?
6
What is the ten thousands digit of 179516?
7
What is the hundred thousands digit of 164171?
1
What is the hundred thousands digit of 43168885?
1
What is the thousands digit of 263189?
3
What is the tens digit of 48075?
7
What is the thousands digit of 519964?
9
What is the tens digit of 1914457?
5
What is the thousands digit of 20708168?
8
What is the tens digit of 210468?
6
What is the hundreds digit of 611873?
8
What is the hundred thousands digit of 452712?
4
What is the hundreds digit of 241746?
7
What is the hundreds digit of 408208?
2
What is the units digit of 3873074?
4
What is the hundreds digit of 164112?
1
What is the thousands digit of 43880?
3
What is the thousands digit of 706887?
6
What is the hundred thousands digit of 440817?
4
What is the thousands digit of 22974258?
4
What is the millions digit of 1635565?
1
What is the tens digit of 793170?
7
What is the tens digit of 356629?
2
What is the millions digit of 3588688?
3
What is the hundreds digit of 14496?
4
What is the tens digit of 145066?
6
What is the hundred thousands digit of 828625?
8
What is the units digit of 516458?
8
What is the ten millions digit of 31944408?
3
What is the ten thousands digit of 6391429?
9
What is the tens digit of 5766890?
9
What is the hundreds digit of 3759795?
7
What is the hundred thousands digit of 428093?
4
What is the ten thousands digit of 377313?
7
What is the thousands digit of 4917094?
7
What is the hundreds digit of 7735?
7
What is the hundreds digit of 11133800?
8
What is the units digit of 1104260?
0
What is the hundred thousands digit of 1433491?
4
What is the hundreds digit of 8387963?
9
What is the hundred thousands digit of 233924?
2
What is the tens digit of 526496?
9
What is the tens digit of 61984?
8
What is the thousands digit of 8579561?
9
What is the ten thousands digit of 2806290?
0
What is the hundred thousands digit of 602056?
6
What is the hundred thousands digit of 245805?
2
What is the hundred thousands digit of 467185?
4
What is the thousands digit of 2427914?
7
What is the tens digit of 792346?
4
What is the hundred thousands digit of 603542?
6
What is the millions digit of 2137896?
2
What is the tens digit of 5366338?
3
What is the thousands digit of 4912223?
2
What is the thousands digit of 2022948?
2
What is the hundreds digit of 249983?
9
What is the ten thousands digit of 1215640?
1
What is the thousands digit of 67479?
7
What is the thousands digit of 13030516?
0
What is the tens digit of 400064?
6
What is the hundred thousands digit of 501269?
5
What is the tens digit of 1973770?
7
What is the thousands digit of 172678?
2
What is the ten thousands digit of 298972?
9
What is the ten thousands digit of 4080119?
8
What is the ten thousands digit of 29537?
2
What is the hundred thousands digit of 4166001?
1
What is the units digit of 218237?
7
What is the hundreds digit of 513901?
9
What is the hundreds digit of 132505?
5
What is the millions digit of 17165385?
7
What is the ten thousands digit of 9450441?
5
What is the ten thousands digit of 85700?
8
What is the thousands digit of 507989?
7
What is the thousands digit of 3147761?
7
What is the units digit of 195533?
3
What is the thousands digit of 4879705?
9
What is the units digit of 109874?
4
What is the units digit of 20384063?
3
What is the tens digit of 4452447?
4
What is the units digit of 484462?
2
What is the ten thousands digit of 308920?
0
What is the thousands digit of 344465?
4
What is the ten thousands digit of 5314330?
1
What is the units digit of 183042?
2
What is the millions digit of 9522021?
